) to base 3
10022210210
-10000100111111011011110 (base 2) to base 3
-22012101212000
What is 330321301 (base 4) in base 14?
66ca5
Convert 17824101 (base 9) to base 8.
42231520
Convert -410270 (base 9) to base 14.
-6479c
What is -156026244 (base 7) in base 4?
-220122301020
Convert -111000100110010100011111 (base 2) to base 5.
-12244241043
What is 271565 (base 9) in base 11?
103149
Convert -177247 (base 9) to base 6.
-2210324
What is -534cc5 (base 13) in base 12?
-7a2345
What is 89b2b (base 12) in base 15?
3938e
What is -10301001033 (base 4) in base 13?
-349887
What is -3042142 (base 5) in base 16?
-c208
What is -3574004 (base 8) in base 16?
-ef804
What is -302941 (base 14) in base 9?
-3040257
What is 6958 (base 15) in base 3?
1010200002
What is -11000010002011 (base 3) in base 4?
-20013202021
What is 524277 (base 8) in base 15?
36981
Convert -b1c168 (base 14) to base 10.
-5987696
Convert 323d79 (base 15) to base 13.
65a006
-11310321221 (base 4) to base 10
-1527401
Convert 111101000101010010 (base 2) to base 7.
2061300
303101332 (base 4) to base 7
1533244
Convert -13d7b1 (base 16) to base 3.
-2110001211000
Convert 433303 (base 14) to base 4.
20223200213
450634 (base 9) to base 7
2201524
Convert -43624360 (base 7) to base 2.
-1110010100100101010100
Convert 2034917 (base 10) to base 11.
116a955
-1038262 (base 10) to base 15
-157977
-70271 (base 13) to base 6
-4143325
Convert -47d6bd (base 16) to base 5.
-2201124104
What is -6a1914 (base 11) in base 13?
-30076b
What is -164db (base 16) in base 2?
-10110010011011011
-1306ad (base 15) to base 2
-11011110110101111011
Convert -11100010010100100 (base 2) to base 3.
-12212221201
Convert -120330222 (base 4) to base 14.
-29350
What is 235340 (base 6) in base 11?
14575
What is 1001110000101110101010 (base 2) in base 6?
130502414
201202121102 (base 3) to base 9
652542
What is -5252055 (base 7) in base 6?
-21333530
-a1536 (base 16) to base 12
-27a49a
Convert -126575 (base 9) to base 13.
-29096
31416321 (base 7) to base 6
133003223
What is 156102 (base 8) in base 12?
2876a
Convert f9485 (base 16) to base 8.
3712205
5eb7b2 (base 16) to base 8
27533662
Convert -220102323 (base 5) to base 11.
-592a61
Convert -146544660 (base 7) to base 9.
-20487603
What is -10101010010000110000011 (base 2) in base 13?
-1204587
Convert 210200101202 (base 3) to base 9.
720352
Convert 3ce58 (base 15) to base 4.
233300120
-200101011102 (base 3) to base 5
-43033303
Convert -134ccc5 (base 15) to base 9.
-28157255
Convert 1022004224 (base 6) to base 5.
10221404312
-31113310211 (base 4) to base 2
-1101010111110100100101
-1ca229 (base 14) to base 13
-29c40a
What is -23104340 (base 6) in base 11?
-444433
Convert 12312032 (base 6) to base 10.
398324
500000530 (base 6) to base 12
2990146
-1011111100010100011 (base 2) to base 6
-12215415
a0244 (base 11) to base 10
146700
133311110 (base 4) to base 8
376524
Convert 13144521 (base 7) to base 12.
4a1099
Convert -9d450 (base 15) to base 11.
-312018
What is -240240322 (base 5) in base 3?
-2002000110120
-3f028 (base 16) to base 13
-9061c
What is -341202 (base 16) in base 3?
-20102101001020
What is 495149 (base 11) in base 7?
6440136
Convert 11010110101010000111010 (base 2) to base 14.
d11546
112002221010 (base 3) to base 14
732b8
7147646 (base 8) to base 13
511577
What is -1b50aa (base 12) in base 14?
-c900a
Convert 1234b (base 12) to base 16.
606b
What is 712b (base 16) in base 12?
14923
Convert 83a8 (base 11) to base 10.
11129
Convert 2122100220111 (base 3) to base 2.
101010110111100101011
Convert -32425604 (base 7) to base 6.
-135330122
Convert 250393 (base 12) to base 11.
381230
What is -110010010001110111101 (base 2) in base 6?
-55151313
-1001101001100111010011 (base 2) to base 8
-11514723
-ca54b (base 16) to base 9
-1502740
What is 3553667 (base 8) in base 14?
1b46c7
-3324413 (base 5) to base 15
-1233d
Convert -a05b0 (base 15) to base 14.
-d2d6c
What is 641522 (base 10) in base 16?
9c9f2
12684 (base 16) to base 15
17516
What is -1031120303 (base 4) in base 13?
-b1380
Convert 6a9cc (base 13) to base 8.
574721
111140043 (base 5) to base 10
490023
-65ea9 (base 15) to base 11
-201416
What is 10000011100111110101 (base 2) in base 14?
10068d
Convert -210011122011 (base 3) to base 12.
-1811aa
What is -1533750 (base 8) in base 5?
-103042141
1102111011 (base 3) to base 2
110110110011001
What is 238966 (base 11) in base 5?
44042314
Convert 141052434 (base 6) to base 11.
1679632
Convert -55356326 (base 7) to base 5.
-2210124421
-10441233 (base 5) to base 7
-536031
Convert -df280 (base 16) to base 11.
-574813
-11100101011101000101 (base 2) to base 14
-1a671b
53236 (base 13) to base 9
247411
Convert -11200212001111 (base 3) to base 15.
-344c2a
-11b066 (base 13) to base 4
-1213202221
Convert 1140427 (base 9) to base 12.
259137
Convert 115642131 (base 7) to base 2.
11011110011001111110000
Convert 253032503 (base 6) to base 12.
1785733
Convert -37676324 (base 8) to base 12.
-296b104
What is 86c81 (base 13) in base 11?
15719a
What is 3112300 (base 4) in base 10?
13744
What is -2250440 (base 6) in base 14?
-3014c
-11100011010100100111 (base 2) to base 9
-1668217
Convert 120bc1 (base 16) to base 6.
41203133
Convert 25403 (base 16) to base 7.
1203560
-154771 (base 11) to base 9
-405817
What is -3914c3 (base 16) in base 2?
-1110010001010011000011
Convert -3a24077 (base 11) to base 5.
-3240204013
Convert -20c3b75 (base 13) to base 14.
-1486156
What is cee6 (base 15) in base 16?
ab5a
What is -104341243 (base 5) in base 3?
-212122010120
What is 1783244 (base 12) in base 5?
2223233340
Convert -166719 (base 12) to base 16.
-5de85
-1253492 (base 12) to base 8
-15551756
Convert -263157 (base 8) to base 10.
-91759
What is -26501335 (base 8) in base 16?
-5a82dd
Convert 429ba84 (base 12) to base 9.
25717761
What is 17571a (base 13) in base 6?
20300551
Convert 10443055 (base 6) to base 11.
1a7108
Convert 11d96 (base 16) to base 3.
10201021210
101010010000110110 (base 2) to base 5
21014420
What is 10001101111100111110000 (base 2) in base 8?
21574760
-304916a (base 13) to base 10
-14614701
-3719a (base 15) to base 11
-110152
What is 142122 (base 8) in base 5?
3102013
-1615 (base 10) to base 11
-1239
Convert -110022121000102 (base 3) to base 11.
-3771481
What is -18ab24 (base 14) in base 6?
-30425524
What is 220200 (base 7) in base 13?
146b8
What is -34034b (base 15) in base 4?
-21131303123
-45210043 (base 6) to base 16
-14e72b
-127844 (base 10) to base 6
-2423512
Convert -1140220 (base 10) to base 15.
-177c9a
What is -10008 (base 10) in base 14?
-390c
What is -1011100010000000111 (base 2) in base 15?
-76e5d
Convert -3678482 (base 9) to base 4.
-13220132012
-65303231 (base 8) to base 6
-1215533145
-1301313 (base 5) to base 7
-133331
What is 10002122021122 (base 3) in base 8?
6217320
131124151 (base 6) to base 5
1124434004
-200211211122 (base 3) to base 13
-ccac1
Convert -3845c (base 14) to base 8.
-415522
-130320132 (base 4) to base 8
-347036
Convert -230323313 (base 4) to base 8.
-547367
Convert 8839d (base 14) to base 12.
13ab87
Convert -99bb24 (base 12) to base 8.
-11252614
What is 11445 (base 10) in base 5?
331240
What is 2413401 (base 5) in base 16?
af33
Convert 552717 (base 8) to base 3.
100102212202
What is -34896 (base 14) in base 2?
-11111001110110100
Convert 1842776 (base 9) to base 3.
1221102212120
Convert 1121012110112 (base 3) to base 2.
11001111100110110000
What is -17065 (base 16) in base 8?
-270145
14328328 (base 9) to base 12
24678bb
What is -11211101120 (base 3) in base 14?
-268d9
What is -42650 (base 8) in base 12?
-a3a0
Convert -839535 (base 15) to base 6.
-342050105
What is 111001110010111111101 (base 2) in base 14?
374297
-375752 (base 10) to base 14
-9ad16
What is 24222b6 (base 12) in base 8?
32600452
-202022121000 (base 3) to base 16
-61a34
-432142120 (base 5) to base 15
-263640
Convert 10110111111110101001 (base 2) to base 12.
304121
What is -2123811 (base 10) in base 9?
-3886280
What is -8aca1c (base 13) in base 4?
-30201301001
What is 10110001100111010011000 (base 2) in base 10?
5820056
Convert -936a8 (base 11) to base 2.
-100001010110011110
What is -873 (base 12) in base 11?
-a27
Convert 115332 (base 12) to base 4.
1010002112
What is -306342 (base 7) in base 2?
-1100110110110000
What is -1124512